lculate 10 - (-1 + 13) - -34 - 11.
21
-1 + (13 - ((14 - 12) + 9))
1
Evaluate (38 - 36) + (1 + -5 - 4) + -7.
-13
Evaluate (-5 - (3 - 5)) + -16 + 23.
4
Evaluate 5 - (-5 + (16 - (-6 - -13))).
1
What is (-1 - 13) + (-9 + 9 - -7) + 0?
-7
What is the value of 11 + (16 - -13) + -66?
-26
What is the value of (13 - -1) + (-11 - (6 - 8))?
5
What is (-2 - -1) + -6 + 2923 + -2949?
-33
Calculate -33 + (-2 - (-19 + (-6 - -18))).
-28
Calculate 8 - (61 - 25 - -4).
-32
What is the value of 5 - ((-3 - 0) + (11 - (17 - 5)))?
9
Calculate 19 - 19 - (6 - -2).
-8
What is the value of -19 + 10 + 21 + -11 + 3?
4
13 + -17 + (5 - -11) + -7
5
What is -3 + 0 + 18 + -24?
-9
(-12 - -26) + (1 - 15)
0
What is the value of (-13 + 2 - -9) + 6 + 0 - -10?
14
What is the value of (-9 - (3 + 0)) + (-17 - -5)?
-24
Calculate (10 - 1) + (-12 - (11 - 15)).
1
484 - 445 - (1 + 18)
20
Calculate -21 - (-30 - (-39 - -17)).
-13
What is the value of 1 - -17 - 35 - -4?
-13
Calculate (24 - 7) + (6 + -4 - 1 - 2).
16
What is the value of (1 - 1) + 13 - (-60 - -64) - 6?
3
Calculate 476 + -470 - (-22 + 3).
25
-14 - ((9 - (25 - 8)) + 13) - -5
-14
What is 31 + -29 + 2 + (-17 - 1)?
-14
-17 + 1 - 5 - ((-11 - -12) + -4)
-18
What is the value of 14 + 3 + (-51 - -43 - (0 + 3))?
6
Calculate 1 - (6 + 1 + (-6 - -9)).
-9
Calculate 1 - 2 - (23 + (-23 - -8) + 11).
-20
What is (-378 - -377) + (1 - -13)?
13
0 + 7 + (12 - 18) + (1 - -5)
7
-7 + (-2 - 1 - 1) + 4 + 23
16
What is the value of -8 + 17 + (-2 - 1) + 24 - 9?
21
Calculate 4 - 2 - -7 - (9 - (17 + -2)).
15
(-1 - -11) + (-59 + 7 - -34)
-8
Calculate -4 - (-9 + -3 - (-5 + 20)).
23
7 + -7 + 0 + 10 - (-190 + 182)
18
Calculate 1 - -5 - (10 - (-6 + 7 + 4)).
1
What is 15 + 5 + 1 - 13?
8
What is 16 + -30 - -14 - -2?
2
What is the value of (12 - 6 - 17) + (34 - 0)?
23
What is the value of 4 + 12 + -36 + (3 - -1)?
-16
What is 6 + -15 + 14 + -3 + 30 + -9?
23
Evaluate -9 + -14 + 14 + 9.
0
1 - (0 + -1 + 47 + -28)
-17
Evaluate 13 + 2 + -1 + -5 + 28 + -27.
10
What is the value of 31 - (-2 + (48 - 14))?
-1
Evaluate (5 - (42 - 61)) + -40.
-16
Calculate 19 + (-56 - -64) + (-1 - 10).
16
Evaluate -22 + 64 + -34 + (-9 - 0).
-1
What is (5 - -2) + (-26 - -11) + 7 - -4?
3
What is 7 + -24 + 16 + 55 + -16?
38
Evaluate -15 + (-14 - (-2 - (3 - 0) - 7)).
-17
What is -2 + (9 + 1 - 0) + 5 + 6?
19
What is the value of 1 + -12 - -30 - 10?
9
Evaluate -35 + -1 - ((-2 - -4) + 110 + -116).
-32
Calculate 2 + 1 + (-20 + 12 - (-25 - -4)).
16
Calculate 12 + 0 + 2 - -1 - 4.
11
Calculate (-4 - 6) + (25 - (4 - -3)).
8
-15 - (-44 + 18 - 13)
24
(4 + 12 + 3 - 15) + 34
38
2 + -13 + 15 - 10
-6
What is the value of (15 - (3 + -1)) + 0 + 97 + -95?
15
Evaluate (-14 - (-6 + 0)) + (-13 - -3).
-18
Calculate 40 - 12 - ((4 - -9) + 5).
10
What is the value of 2 + (-20 - (-6 - (4 + -3)))?
-11
Evaluate -42 + 0 - 5 - (-2 + -11).
-34
-4 + -1 + (119 - 113) - (-8 + 0)
9
What is -10 + (9 + (10 - (22 + 8)) - 11)?
-32
-9 + -1 - -3 - 1
-8
What is the value of -6 + 2 - (-21 - (43 - 52))?
8
What is -18 + (6 - 12) + -14 + 35?
-3
What is 12 + 6 - (1 + 11 - 3)?
9
What is the value of 6 + (-1 - -1) + -91 + (119 - 51)?
-17
-7 - (1 + (-4 - 9)) - (0 + 1)
4
Calculate 20 + (6 - (3 - -12) - 4).
7
Calculate 9 + -5 + -5 + -12.
-13
(1 - 36) + -249 + 268
-16
What is the value of -3 + (30 - 2) - (-11 - -18 - 10)?
28
What is -4 + (2 - -1) + (-10 - (6 - 6))?
-11
Evaluate 28 + 0 + -10 - (11 + 1).
6
Evaluate (-8 - -2) + 1 - (-9 + -10).
14
What is the value of 10 + -23 + 7 + -13 - (3 + -7)?
-15
What is the value of -5 + 5 + (-8 + -1 - -4)?
-5
Calculate -1 - (3 - (2 - (6 - 19))).
11
2 + 3 + -2 + (-75 - -81)
9
What is -13 + 20 + -3 - (13 - 2)?
-7
Evaluate 9 - (-8 + (7 - (1 - 21 - 1))).
-11
-27 + 29 - (12 + 0 + -6 + 0)
-4
Calculate 9 + -20 + -23 - -7.
-27
What is (-2 - (7 + (-5 - (0 + -1)))) + 6?
1
What is the value of -4 - (23 - 5) - -8?
-14
Evaluate 13 - (-11 + (23 - -10)).
-9
Evaluate -16 + (2 - -1) + (250 - 259) - 3.
-25
Evaluate 5 + (-3 - (8 + -21)) + 6.
21
What is the value of 17 - 29 - 23 - (1 + -19)?
-17
Evaluate (17 - (7 - (5 - 3))) + -17.
-5
What is the value of 14 + -15 + 4 - -31?
34
19 + -10 + (2 - 2)
9
What is the value of (6 - (31 + -14)) + 6?
-5
Evaluate (2 - 19 - (10 - (1 - -11))) + 7.
-8
Evaluate 5 + (0 - 0) - (9 + -3).
-1
Calculate -119 - -119 - (-1 + 18) - -25.
8
26 + (-6 - (2 + 4))
14
What is (-7 - -29) + -39 + 0?
-17
Evaluate -72 + 4 - -35 - (-1 - 11).
-21
Evaluate 7 + -13 + -4 + 18.
8
9 - (52 - 53 - (-1 - -4))
13
What is 4 - -4 - ((-146 - -173) + 0 + 8)?
-27
What is the value of (-7 - 1) + 13 + (-12 - -27) + -51?
-31
What is the value of 71 - 62 - (9 + 0) - -14?
14
Calculate 13 + (11 + -19 - -4).
9
4 - (1 - 2 - (-38 + 39)) - -12
18
Evaluate (10 - -9) + -19 - (12 + 5).
-17
What is the value of (2 - (2 - 5)) + 0 + (-684 - -679)?
0
Calculate 3 + -10 + -1 + 0 - (392 - 424).
24
What is 31 + -36 + 9 - 20?
-16
What is -12 + 0 + (56 - 49)?
-5
Calculate (-19 + 23 + (1 - 7) - -2) + 4.
4
What is the value of -4 + 33 + (-14 - 28)?
-13
What is the value of 6 - (7 - 4) - (-3 - (-12 - -5))?
-1
What is -2 + 4 - -1 - (-69 - -78)?
-6
Calculate (27 - (6 - -32)) + (-3 - -36).
22
What is the value of (103 - (68 - -61)) + (-1 - 0) + 9?
-18
Evaluate 1 + 9 + -5 + -7 + (10 - 10).
-2
Calculate (0 - -4) + 16 + -1 + -9.
10
What is the value of 4 - ((2 - (7 - -7)) + 0 + 6)?
10
What is (-7 - (6 - 7) - 3) + (20 - 12)?
-1
What is (117 - 201) + (47 - 3)?
-40
Calculate 6 + -3 + (14 - 1) + -6.
10
What is the value of 0 - (-27 - -13 - 6 - -9)?
11
What is -7 - 17 - (-96 + 71)?
1
Calculate (191 - 171) + (0 - 8) + -16.
-4
-7 - (8 - -3 - (6 - 1 - 1))
-14
Evaluate -4 - ((60 - 73) + (0 - -8)).
1
Calculate -15 + 18 + 7 + 8 - 1.
17
What is the value of 7 + -1 - (-1515 + 1526)?
-5
What is -1 - (11 - (10 + -8))?
-10
Calculate -550 + 563 + (-3 - 12) + -2.
-4
Calculate (4 - 4) + 22 + -8 + -1.
13
What is 1 + 26 - (-43 - (25 + -68))?
27
What is the value of -7 - (-3 + -5) - 7?
-6
-12 + (-5 + 10 - 2)
-9
What is the value of 6 - (17 + -2) - (-20 + -2)?
13
Evaluate 2 - 3 - -11 - 1.
9
What is (3 - -6) + -1 + -2 - 8?
-2
What is 10 + (-11 - (0 - (4 - -14)))?
17
What is the value of 23 - ((19 - 3) + -7)?
14
What is 808 + -794 - (31 + -1)?
-16
Calculate (45 - 66) + 1 + 11 + 14.
5
37 - 35 - (-4 + (3 + -1 - 4))
8
-8 + -3 + -5 + 19 + -24
-21
Calculate -205 + 198 + 0 + -3.
-10
What is the value of (-69 - -56) + 25 + 1?
13
Evaluate 38 + 0 + -25 - (1 + 6 - 0).
6
Calculate 0 + 11 - (29 - (-16 - -41)).
7
-9 - (12 + (10 - 35))
4
Evaluate (2 - -9) + -24 + 33 + -8 + -6.
6
Evaluate (-70 - -37) + 24 - (0 + 27).
-36
Calculate 2 + -29 - (132 - 134).
-25
-5 - (-7 + -2 - (-17 - (-24 - -3)))
8
Evaluate (-114 - -108) + 1 + (0 - -2).
-3
-9 - (-6 + -14 + 5)
6
Calculate 8 + -6 + 4 - 3 - (33 + -34).
4
What is -3 + (-12 - -12 - 11)?
-14
What is (-8 - -2) + 3 + 0 + (-3 - -3)?
-3
Evaluate 0 + 1 + -5 + (-13 - -17) + -5.
-5
What is the value of -4 - -20 - ((8 - 1) + 0)?
9
What is -6 + 0 + -11 - -1?
-16
What is the value of -2 - -19 - (-14 + (14 - 7) + 15)?
9
Evaluate -58 - (8 + -35) - -54.
23
(0 - (-8 - 4)) + -12
0
Calculate -3 - (-9 - 9) - (-14 + 14).
15
What is the value of 14 - (-2 - (0 - 3 - (7 + -2)))?
8
Calculate -16 + -1 + 13 + 5 + 0.
1
Calculate 13 + -12 + (-17 - (7 - 15)).
-8
Calculate 0 + (1 - -2) - (-5 - -1).
7
Evaluate -65 - -67 - ((1 - 0) + -11).
12
Evaluate 7 + 5 + 27 + -37.
2
Evaluate 359 + -362 + 0 + 1 + 7.
5
Calculate -1 + 3 + -4 - (1 + (4 - 12)).
5
What is the value of -2 - (2 - 3) - (18 - 32)?
13
What is the value of -8 + 3 - ((-3 - 12) + 6)?
4
Calculate 15 - (3 + 15) - 2.
-5
What is the value of -11 + -1 + -12 + 17 + -11?
-18
What is the value of -156 + 159 + 1 + -12?
-8
Evaluate -15 + 34 + -9 - -3.
13
What is the value of -10 + (22 - 23 - (2 + 0 + -23))?
10
Calculate -40 - (-38 - -22 - -1).
-25
Calculate -28 + (3 + -3 + -1 - -9).
-20
-1 - (-13 - 1) - (-29 + -4 - -28)
18
3 + -10 + 19 + (-16 - 2)
-6
2 + (-11 - 2) + (-102 - -110)
-3
14 - (1 - 7) - 9 - -12
23
What is the value of 15 + -22 + -3 - (3 + 1)?
-14
What is the value of 8 - (16 + (0 - 10))?
2
What is the value of (-27 - (8 + 1)) + 20?
-16
What is the value of -18 - -4 - (6 - 11) - -26?
17
What is 37 + -10 + 10 + -28?
9
What is the value of 4 - ((-9 - -17) + -12)?
8
Evaluate (18 - 15) + -4 + 8.
7
What is 9 + (-4 - (-2 + -3)) + 5?
15
